l(i). What is the units digit of f(-5)?
2
What is the thousands digit of 3 + 4 + (-53046)/(-21)?
2
Let y(z) = -z**3 + 3*z + 8. Let i be y(0). Suppose 0 = 3*c - 5*t - 301, -2*t = -c + 91 + i. What is the hundreds digit of c?
1
Let b(l) = -l**3 + 21*l**2 - 36*l - 5. Let v be b(19). Let g(o) = 5*o**3 + 2*o**2 - o. Let f be g(1). What is the tens digit of (2 + (-8)/f)*v?
2
Let h(z) = 7*z**2 + 26*z + 235. What is the tens digit of h(-20)?
1
Let p = -27 + 33. Suppose -194 - p = -u. What is the hundreds digit of u?
2
Suppose -f + 2*s = -110, -320 = -3*f - 5*s - 45. What is the hundreds digit of f?
1
Let m be -2 + ((-3005)/(-15) - 4/(-6)). Let u = m - 95. What is the hundreds digit of u?
1
Suppose -f - 28*p = -24*p - 1311, -2615 = -2*f - p. What is the thousands digit of f?
1
Suppose 411 = 5*f - 219. Suppose -2*z - z + f = 0. Suppose 0 = -2*t - b + 5*b + z, -2*t - 2*b = -54. What is the tens digit of t?
2
Let h(w) = -w**2 - 25*w + 9. Let z be h(-25). What is the tens digit of (z/6)/((-12)/16) + 123?
2
Let i(a) = -a + 9. Let j be i(8). Let c be 42*j/(9/(-6)). What is the units digit of (-573)/(-21) - (-8)/c?
7
Let f(i) be the second derivative of 7*i**6/360 - i**5/120 + i**3/2 - 7*i. Let o(a) be the second derivative of f(a). What is the units digit of o(-1)?
8
Let g = 1813 - -248. What is the tens digit of g?
6
Let t = 1902 + -207. What is the hundreds digit of t?
6
Suppose 10*l - 15365 = 3965. What is the units digit of l?
3
Suppose 0 = 6*w - 135 - 213. Let r = 11 + w. What is the tens digit of r?
6
Suppose q = y + 231, -q + 0*y + 223 = -5*y. Let u = q - 328. Let n = 135 + u. What is the tens digit of n?
4
What is the hundreds digit of (-3)/18 - (-18676)/24?
7
Let d(k) be the second derivative of k**4/6 + k**3/3 + 5*k**2 - 4*k. What is the tens digit of d(-5)?
5
Let d = -132 + 134. Suppose -w - d*n + 109 = 0, 0 = -w - 4*n + 74 + 41. What is the units digit of w?
3
Suppose 5*h + 2 = 4*o, 2*o - 21 = -3*o - 3*h. Suppose -o*f + 30 = -6. Suppose 3*l - 2*i - 104 = -0*i, -f = -l - 5*i. What is the tens digit of l?
3
Let f(p) = 15*p + 6. Suppose u - 4*j - 2 = 1, -3*u + 4*j = -9. Let s be f(u). Suppose 0 = -5*w + 14 + s. What is the tens digit of w?
1
Let q = 2739 - 1699. Suppose -p = -6*j + 3*j + 616, 5*j = -5*p + q. What is the hundreds digit of j?
2
Let v(k) = -k**2 + 12*k - 4. Let t be v(10). Let o be (t/(-10))/((-12)/270). Suppose o = x + x. What is the units digit of x?
8
Suppose 0 = -5*y + 25, -5*y + 114 + 148 = 3*u. Suppose 2*g = 27 + u. What is the units digit of g?
3
Let c(y) = 2*y**3 - 7*y**2 + 4*y + 3. What is the units digit of c(8)?
1
Let m(s) = 1 + 19*s + 3 + 4*s**2 - 5 - 17*s. Let f be m(1). Suppose f*a + 16 = -q, 2*a + 15 + 22 = 3*q. What is the units digit of q?
9
Let r = -23 + 22. Let g be (0 + 41)*(2 + r). Let x = g + 7. What is the tens digit of x?
4
Let z(m) = 3*m**2 + 4*m + 9. Let g(j) = j**3 - 7*j**2 - 6*j - 19. Let r be g(8). What is the tens digit of z(r)?
2
Let n = 10 - 1. Suppose -n*a - 320 = -14*a. Let l = -38 + a. What is the tens digit of l?
2
Let g be ((-2)/2 - 62)/(-1). Let j = g - 3. What is the tens digit of j?
6
Suppose 5*q = -0*q + 150. Suppose 32*m - 372 = q*m. What is the units digit of m?
6
Let g(i) be the first derivative of i**3/3 + i**2/2 - 3*i - 1. Let f be g(0). Let h = f + 9. What is the units digit of h?
6
Suppose 32*n = 1174 + 4138. What is the hundreds digit of n?
1
Let q = -161 - -562. What is the tens digit of q?
0
Let j(y) = -y**3 - 5*y**2 - 11*y + 13. Let h(w) = -w**3 - w**2 + 1. Let n(u) = -6*h(u) + j(u). What is the tens digit of n(4)?
9
Suppose 0 = 4*y - 4, y + 0*y = -4*x + 1937. What is the hundreds digit of x?
4
Suppose -5*r - 15 + 115 = 0. Let x = -21 + 16. Let t = r + x. What is the tens digit of t?
1
Let y = -161 - -82. What is the tens digit of 0 - (y - 4/(-1))?
7
Let f = 2607 - 209. What is the thousands digit of f?
2
Let r(v) = v**3 - v**2 - 6*v + 109. What is the units digit of r(0)?
9
Let d(s) = -s**3 + 9*s**2 - 10*s - 4. Suppose 5*i - 21 = -4*z + 36, 5*z - 25 = 3*i. Let n be d(z). Let l = n - -34. What is the units digit of l?
4
Let y(s) = -3*s + 8. Let n be y(2). Suppose -7*r = -4*r + 48. What is the tens digit of r*(-3 + 2) + n?
1
Let w be (-36)/(-9) + 0/(-1). Suppose -312 = w*n - 10*n. What is the units digit of n?
2
Suppose -35 = -3*b + 19. Let x = 7 - 3. Suppose -3*w + 0*z = -x*z - 70, 0 = -w - 4*z + b. What is the units digit of w?
2
Suppose 0 = -3*b + 46*b - 24080. What is the hundreds digit of b?
5
What is the thousands digit of ((-5744)/(-3))/1 + (-2)/(-6)?
1
Let b = 5 + -3. Suppose 40 = -b*s - 0*s. What is the units digit of ((-10)/s)/(2/16)?
4
Let x = 30 + -21. Let n be -4*1*(-7)/(-4). Let y = n + x. What is the units digit of y?
2
Let q(h) be the second derivative of -h**4/12 - 2*h**3/3 + 5*h**2 + 6*h. Let o be q(7). Let v = -27 - o. What is the units digit of v?
0
Suppose 5*f = 9*f + 544. Let i = f - -245. What is the tens digit of i?
0
Suppose -n = -647 - 1528. Let c = n - 3154. What is the units digit of (-1)/(-3) - c/33?
0
Let h(m) = -215*m - 1. Let k be h(-4). What is the units digit of 8/32 + k/4?
5
Let z = -303 + 2241. What is the hundreds digit of z?
9
Let l(j) = -16*j + 18. Let o be l(-7). Let t = o - 1. What is the hundreds digit of t?
1
Let l(a) = 4*a**2 - 33*a + 29. What is the hundreds digit of l(20)?
9
Let a(f) = -10*f**3 - 3*f**2 + 3*f - 14. What is the thousands digit of a(-5)?
1
Suppose 6*l + 9*l = 390. Let p = 1 - 10. Let s = p + l. What is the tens digit of s?
1
Let c(n) = 11*n**2 - 2*n + 1. Let l be c(-4). Suppose -x + l = 4*x. What is the tens digit of x?
3
Let x = -467 - -773. What is the tens digit of x?
0
Let i(g) = g**3 + 9*g**2 + g + 2. Let x be i(-6). Suppose 6*u = -u - 469. Let p = u + x. What is the units digit of p?
7
Let c = 86 + 454. What is the hundreds digit of c?
5
Suppose -3*c + 5*m = -19, -c - 3*c - 4*m = -4. What is the hundreds digit of (c/3)/(1/113)?
1
What is the tens digit of (-8)/6*54324/(-144)?
0
Suppose -5*r - 95 = -10*r. Suppose -2*v = -5*v + 5*t + 1, 2*t = -5*v - r. What is the tens digit of 20 - -5 - (-9)/v?
2
Let b(z) = -7*z - 7. Let v be b(-5). Let w be ((-7)/2)/(-4*(-7)/(-56)). What is the tens digit of w/v + (-174)/(-8)?
2
Let h(u) = u**3 + 10*u**2 - 30*u - 6. What is the tens digit of h(-11)?
0
Suppose -c - 3*c + 1148 = 0. Suppose -c = -5*u + 178. Suppose -4*v + 4 + 64 = 4*k, 5*k - 3*v = u. What is the units digit of k?
8
Suppose 0 = 4*i + 5*d - 1015, 0*i - 2*i + 3*d + 491 = 0. What is the tens digit of i?
5
Let i = -426 - -1074. What is the tens digit of i?
4
Suppose 3*b + 2*s = -8, b = -3*b - s - 19. What is the tens digit of (-17 - 2)/(2/b)?
5
Suppose 38 = 4*h - 26. Suppose 5*t - h = t. What is the units digit of t?
4
Let a(b) be the first derivative of 8*b - 1/2*b**2 - 8. What is the tens digit of a(-3)?
1
Suppose 1796 = 549*p - 545*p. What is the tens digit of p?
4
Let s(h) = 3*h + 12. Let i be s(-8). Let q(w) = -w**2 - 17*w - 15. Let f be q(i). Suppose -f = -7*u + 4*u. What is the units digit of u?
5
Let u be (-9)/1 - (-2 - 0). Let o(p) be the first derivative of -3*p**2/2 + 4*p - 155. What is the units digit of o(u)?
5
Suppose -1298 = -3*w - 5*z - 75, -847 = -2*w + 3*z. What is the tens digit of w?
1
Let a(q) = -2*q**2 - 62*q - 1. Let p be a(-31). Let j(v) = -v**3 + 3*v**2 + 7*v + 1. Let s be j(5). What is the units digit of (7 + s)/(p - 0)?
7
Let a(u) = u**3 - 3*u**2 + 3*u. Let h be a(2). Let d(x) = -6*x**2 + 0*x + h + 9 + 5*x**2 - 2*x. What is the tens digit of d(0)?
1
Let q(s) = s. Suppose -8*z + 9*z = 2. Let c be q(z). Suppose 2*y - 72 = -c*r, 32 = r - 0*r - 3*y. What is the tens digit of r?
3
Suppose -6*b - 6 = -24. Suppose 35 = b*r - 25. What is the tens digit of r?
2
Let a be (-18)/24 - 3/(-4). Suppose 6*b - 8*b + 48 = a. What is the units digit of ((-16)/(-6))/(2/b)?
2
Suppose 72 = -b + 4*b. Let k = 210 - b. What is the tens digit of k?
8
Let c(d) = d**2 - 2*d - 4. Let m be c(4). Suppose 12 = -m*o + 8*o. Suppose -o - 22 = -x. What is the units digit of x?
5
Suppose -1 - 3 = n, -87 = -3*v - 3*n. Let u = 96 - v. What is the tens digit of u?
6
Let v(l) = 286*l**2 - 4*l - 1. What is the thousands digit of v(-4)?
4
Let o be 0 + 3 - 1 - -2. What is the tens digit of (15/(-6) + o)*18?
2
Let l be 8/(1 - 2)*40/(-32). S